hat is the highest common factor of 9814690 and 149364?
922
What is the greatest common divisor of 1248 and 1457091792?
624
What is the highest common divisor of 74 and 20552?
2
Calculate the highest common factor of 64032 and 1080448.
736
Calculate the greatest common divisor of 224224 and 14163072.
2464
What is the highest common factor of 6434 and 397984721?
3217
What is the highest common divisor of 723840 and 827892?
4524
What is the highest common factor of 1077 and 1022873929?
359
What is the highest common factor of 458343 and 2700?
9
What is the highest common divisor of 11154592 and 30952?
424
Calculate the greatest common divisor of 312052510 and 7595.
1085
What is the greatest common factor of 13664 and 11859498?
854
Calculate the highest common factor of 3062528 and 8008.
56
What is the greatest common divisor of 1620 and 19554210?
810
What is the greatest common factor of 14789603 and 17279?
37
Calculate the highest common factor of 4864 and 121588736.
256
What is the highest common divisor of 1643 and 268074?
53
What is the highest common divisor of 257 and 48420599?
257
Calculate the highest common factor of 303468 and 1441.
11
Calculate the highest common factor of 51026679 and 132.
33
Calculate the greatest common factor of 37049586 and 196.
98
What is the highest common divisor of 32 and 13203248?
16
Calculate the greatest common divisor of 131935530 and 18.
6
What is the greatest common divisor of 11422243 and 1372?
343
What is the greatest common factor of 9 and 3316812?
3
What is the greatest common divisor of 2192 and 121651753?
137
Calculate the greatest common factor of 24180 and 37610.
10
What is the highest common divisor of 196 and 2661862?
14
What is the greatest common divisor of 200014 and 65378?
194
Calculate the highest common factor of 102836 and 5708492.
2188
What is the greatest common divisor of 2228 and 3067399?
557
What is the highest common divisor of 16840626 and 8184?
2046
Calculate the highest common factor of 348 and 1581428.
116
Calculate the highest common factor of 11088 and 1945636.
308
Calculate the highest common factor of 63315912 and 1573.
121
What is the highest common factor of 89696 and 658576?
16
What is the greatest common divisor of 51331860 and 460?
460
What is the greatest common factor of 1296940 and 18430?
190
Calculate the greatest common divisor of 1550 and 23879650.
50
What is the greatest common divisor of 413100 and 163350?
1350
What is the greatest common divisor of 14678781 and 301?
43
Calculate the greatest common factor of 49 and 21163.
1
What is the highest common factor of 135384011 and 833?
49
Calculate the greatest common divisor of 712819125 and 18.
9
What is the greatest common divisor of 54207 and 628767?
171
What is the greatest common factor of 76340 and 232020?
20
What is the greatest common factor of 3320 and 702512?
664
What is the highest common divisor of 265196762 and 226?
226
What is the highest common divisor of 81171530 and 3311?
473
What is the highest common divisor of 663 and 1750099?
221
What is the greatest common factor of 171192 and 4032?
168
Calculate the greatest common divisor of 1047 and 42874301.
349
What is the highest common factor of 75 and 34961025?
75
What is the greatest common divisor of 1813 and 57619989?
259
Calculate the highest common factor of 570 and 2048067570.
570
Calculate the highest common divisor of 1445 and 458065.
1445
What is the greatest common factor of 69300 and 1680?
420
Calculate the greatest common factor of 238 and 45175766.
34
What is the highest common divisor of 4356402 and 9110?
1822
Calculate the highest common factor of 3800 and 271910.
10
What is the highest common factor of 7 and 25881100?
7
Calculate the highest common divisor of 80 and 388447408.
16
Calculate the greatest common factor of 320 and 87029440.
320
What is the highest common factor of 13603 and 239948?
223
What is the highest common factor of 112698214 and 5468?
2734
Calculate the highest common divisor of 170 and 20930810.
10
What is the greatest common divisor of 78530257 and 897?
299
What is the highest common divisor of 44522583 and 499625?
3997
Calculate the highest common factor of 19216570 and 5.
5
What is the highest common divisor of 580890 and 2754?
102
What is the greatest common divisor of 28 and 1451993494?
14
Calculate the highest common factor of 25625 and 112225.
25
What is the greatest common factor of 827263 and 8252?
2063
What is the greatest common divisor of 1980 and 1585188?
396
Calculate the greatest common divisor of 351177467 and 362.
181
Calculate the highest common factor of 119239 and 26279063.
2021
Calculate the greatest common divisor of 42082018 and 55.
11
What is the greatest common divisor of 19656 and 69874896?
2184
Calculate the greatest common factor of 312780 and 50180.
260
What is the highest common divisor of 47029 and 2175540?
359
What is the greatest common divisor of 1425 and 1193656950?
1425
Calculate the highest common factor of 45741 and 1182318.
579
What is the highest common factor of 214 and 5368725?
107
What is the greatest common divisor of 15 and 417807405?
15
Calculate the highest common divisor of 44 and 3203633708.
44
What is the highest common factor of 485277 and 415311?
897
Calculate the greatest common factor of 1794869370 and 470.
470
Calculate the highest common divisor of 100604 and 41628498.
7186
What is the highest common factor of 434 and 2679299?
217
Calculate the highest common divisor of 878265 and 22185.
1305
What is the greatest common factor of 1008 and 1066072?
56
What is the greatest common divisor of 698533 and 5668333?
2761
What is the highest common divisor of 1044 and 1269881?
29
What is the highest common factor of 4012229 and 1014?
169
What is the greatest common divisor of 132 and 3976863?
33
Calculate the greatest common factor of 4511 and 3436688.
347
Calculate the highest common factor of 50950994 and 3326.
3326
Calculate the highest common divisor of 2073392 and 22.
2
What is the highest common divisor of 18633687 and 159?
159
Calculate the greatest common divisor of 507394 and 227616.
4742
What is the greatest common divisor of 4564 and 563?
1
Calculate the greatest common factor of 19240 and 3442517.
481
Calculate the greatest common divisor of 1271142 and 387.
9
Calculate the greatest common factor of 43761 and 2204.
29
Calculate the highest common divisor of 10 and 1646085.
5
Calculate the greatest common factor of 327026090 and 3585.
1195
What is the highest common divisor of 24595634 and 1156?
578
What is the highest common factor of 947921 and 82160?
1027
Calculate the greatest common divisor of 3913974 and 324.
54
Calculate the greatest common divisor of 69058118 and 1091.
1091
Calculate the greatest common divisor of 596955213 and 18.
9
What is the greatest common divisor of 852 and 26858164?
284
What is the highest common factor of 351208 and 1726868?
572
What is the greatest common divisor of 5359 and 4429765477?
5359
Calculate the highest common divisor of 10633191 and 93313.
499
Calculate the greatest common divisor of 21 and 323442371.
7
Calculate the highest common factor of 104401131 and 34.
17
What is the highest common divisor of 483150 and 414300?
150
Calculate the highest common factor of 596792 and 19908.
28
What is the highest common divisor of 1039 and 114965?
1
What is the greatest common factor of 1286 and 89130731?
643
Calculate the highest common divisor of 12 and 3760758.
6
Calculate the greatest common divisor of 861364752 and 144.
48
What is the greatest common factor of 431151124 and 916?
916
What is the greatest common divisor of 14957030 and 7264?
454
Calculate the highest common divisor of 146118 and 245931.
1029
Calculate the greatest common factor of 279 and 1105902711.
279
What is the greatest common factor of 65 and 6985360?
5
What is the greatest common divisor of 23225 and 3022037?
929
What is the greatest common divisor of 2336584 and 3244811?
4001
What is the greatest common divisor of 392407 and 134653?
361
Calculate the greatest common factor of 2788 and 22222697.
41
What is the greatest common divisor of 97733 and 1247533?
5749
What is the greatest common factor of 19545 and 37965?
15
Calculate the highest common 